nits digit of l(0)?
8
Let i(c) = -2*c - 7. Let a be i(-8). Let v = a + 1. What is the tens digit of v?
1
Let z be 140/(-15) - (-2)/6. Let h = 19 + z. What is the units digit of h?
0
Let o = 2 - 0. Let t be (360/35)/(o/14). Suppose -4*u + 2*s - 3*s + t = 0, 4*u = -4*s + 84. What is the units digit of u?
7
Suppose -5*b + 565 = -0*b. What is the tens digit of b?
1
Let v(w) = 54*w. Let i be v(1). Suppose 0*u - 2*u = -4*f + i, -5*f - 195 = 5*u. Let s = -25 - u. What is the units digit of s?
0
What is the units digit of (5*1)/((-20)/(-340))?
5
Let t = -22 - -75. What is the tens digit of t?
5
Let a(w) = -2*w + 2. Let s be a(6). What is the units digit of s/35 + (-191)/(-7)?
7
What is the units digit of (-51)/(-68)*(-1 + 41)?
0
Let s = -14 - -20. Suppose o + s = 3*o. Suppose 4*m + d - 3*d - 42 = 0, o*d - 18 = -3*m. What is the units digit of m?
9
Suppose 2*n = -s + 2 + 125, 3*n - 3*s = 195. What is the tens digit of n?
6
Suppose 0 = i + i - 4. Let r(p) = -p + 2. Let a be r(i). What is the units digit of (a - 1)*(-3 + 2)?
1
Let r(a) = 2*a**2 + 5*a - 3. What is the units digit of r(4)?
9
Suppose 4*l = -20 - 8. Suppose 4*t - 17 - 22 = z, -3*z + 2*t = 67. Let x = l - z. What is the tens digit of x?
1
Suppose 0 = 5*o + r - 1764, -1387 - 29 = -4*o - 2*r. What is the hundreds digit of o?
3
Suppose 4*j = -j + 90. Let a = j + -11. What is the units digit of a?
7
Suppose 5*m = -4*r + 61, -m + 5 = -0*m. What is the units digit of r?
9
Suppose -4 = -k + 5*k. Let r(j) = -8*j - 1. Let m be r(k). Let p = 24 - m. What is the units digit of p?
7
Let y be 3/(-7) + 2885/35. Suppose -95 = -3*t + y. What is the tens digit of t?
5
Suppose 0 = -5*l + 6 + 9. Let w = l - 1. What is the units digit of w?
2
Let p(k) be the first derivative of k**3/3 - 9*k**2/2 - 10*k + 4. What is the units digit of p(11)?
2
Let d(f) = 5*f**2 + 6*f + 10. Let k(h) = 2*h**2 + 3*h + 5. Let u(g) = 3*d(g) - 5*k(g). What is the units digit of u(-3)?
1
Let a(b) = -6*b + 2. Let u be a(4). What is the tens digit of (15/(-10))/(3/u)?
1
Let p = -9 - -9. Suppose p = -4*c - z + 82, 3*c - 4*z = -6*z + 64. What is the tens digit of c?
2
Suppose 0*v = 3*v. Suppose -3*s + 0*s - 15 = v, 4*s + 8 = -3*z. Suppose 4*y = z*h - 4, y + 21 = 7*h - 2*h. What is the units digit of h?
5
Let s = 3 + -5. Let j = 4 + s. Suppose -4*v = j*t - 14, -27 = -10*t + 5*t - 2*v. What is the units digit of t?
5
Suppose -2*y = -5*q - 56, 5*q = 3*y + 4*q - 71. Suppose c + 0*c = y. What is the units digit of c?
3
Suppose 3*k = 2*k - 4. Let t = k + 6. Suppose m + 6*o + 13 = o, -t*o - 16 = -5*m. What is the units digit of m?
2
Let f = 20 + -2. Suppose 2*h = -h + f. What is the units digit of h?
6
Suppose 0 = 3*c + 5*u - 102, -6*c + 5*u + 102 = -3*c. What is the units digit of c?
4
Suppose -4 = 4*j - 4*h, 5*h + 0*h = 4*j + 2. Let s(u) = u**3 + 4*u**2 + 4*u + 4. What is the units digit of s(j)?
1
Let m be 0 + -1 + 3 - -3. Suppose 0*d + 19 = m*d - 2*r, -2*d = 3*r. What is the units digit of d?
3
Let b be (6*1 - -1) + -2. Suppose -m + 2*j + 80 = 21, -5*m + b*j = -275. Suppose 0 = -5*i + 4 + m. What is the units digit of i?
1
Let x(z) be the third derivative of 0*z - 1/8*z**4 + 0 - z**2 - 2/3*z**3. What is the units digit of x(-3)?
5
Suppose q + 41 = 2*b, 3*b = q + q + 64. Suppose -4*h - b = -2*h. What is the units digit of (-1)/(((-6)/h)/(-2))?
3
Suppose 3*i + 2 = o, -2*i + 4*o = -0*i + 8. Let x = i - -2. Suppose 0 = a + 4*m + x + 5, 5*m + 20 = 0. What is the units digit of a?
9
Let w(p) = 9*p**3 + 2*p - 1. Let x be w(1). What is the units digit of 14/x*(-20)/(-4)?
7
Let u(v) = 3*v + 11. What is the tens digit of u(5)?
2
Let j(y) = -7*y**3 - 2*y**2 - 2*y + 5. Let m be j(-5). Suppose -2*c + m = -5*c. What is the units digit of c/(-45) + (-2)/9?
6
Let x = 1 + 8. Let s(d) = d + 4. What is the units digit of s(x)?
3
Let d(t) = t + 1. Let q(k) = -9*k - 12. Let a(y) = -22*d(y) - 2*q(y). Let z be a(-4). Let p = -11 + z. What is the units digit of p?
7
Suppose -5*g + t = -2*g - 27, 9 = -3*t. Suppose -v = -g - 4. What is the units digit of v?
2
Suppose -4*r - 4*m = -0*m - 4, 0 = 5*r + 3*m - 7. Suppose -3*y + r*l = -87, -4*y + 3*l = -95 - 22. What is the units digit of y?
7
Suppose -4*h + 1134 - 334 = 0. What is the tens digit of h?
0
Suppose 4*g + 3 = -1. Let f(d) be the second derivative of d**3/6 + d**2 + 9*d. What is the units digit of f(g)?
1
Let t = -701 - -1114. What is the tens digit of t?
1
Suppose -3*m - 2*m = n - 18, -22 = -2*n - 3*m. What is the units digit of n?
8
Let p = 445 + -243. What is the tens digit of p?
0
Let s(b) = -4*b**2 - 14*b + 1. Let z(t) = t**2 + t. Let a(f) = s(f) + 5*z(f). What is the tens digit of a(10)?
1
Suppose 18 = x + x. Let d(y) = y**2 - 6*y + 3. What is the tens digit of d(x)?
3
Let x be 0 - (-37 + 2 + 1). Suppose 2*y = -0*y + x. What is the tens digit of y?
1
Let h = 25 - -11. What is the tens digit of h?
3
Let d(s) = -2*s**2 - 4*s - 2. Let t be d(-2). What is the units digit of t*(-1)/(-4)*-2?
1
Suppose -2*o + 280 - 16 = 0. What is the hundreds digit of o?
1
Suppose 4*v + 8 = 4*s - 32, 3*v = 9. Let t(y) = -y**2 + 9*y + 1. Let l be t(4). Let n = l - s. What is the units digit of n?
8
Let l(y) = 3*y**2 - 20*y - 18. What is the tens digit of l(-6)?
1
Suppose 3*s - 3*u = 222, -282 = -0*s - 4*s - 3*u. What is the tens digit of s?
7
Let i = 130 - 77. What is the tens digit of i?
5
Let g be 1 - -1 - 1 - -2. Let c be 10/15 + 4/g. What is the units digit of 28/6 + c/6?
5
Suppose 8*t + 60 = 4*t. Suppose 3*g + 8 = 2*g. Let u = g - t. What is the units digit of u?
7
Let t = 14 - 8. Let j(r) = 4*r - 12. What is the tens digit of j(t)?
1
Let l be (-2 - -1) + -1*17. What is the units digit of (45/l)/((-1)/2)?
5
Suppose 8*u - 7*u = 1. What is the units digit of u?
1
Let v be (4/(-2))/(4/(-10)). Suppose 0 = -j + 3*j. Suppose j = -l + v*h + 19, -2*h - 22 + 0 = -4*l. What is the units digit of l?
4
Let n(h) = -h**3 - h**2 - 1. Let t be n(-2). Let j be 6/t + 2 + -6. What is the units digit of (1 - (1 - j)) + 9?
7
Suppose 0 = -2*p + 33 + 3. What is the units digit of p?
8
Suppose -7 = -d + 8. What is the units digit of (3 + (d - 2))/2?
8
Let u be 147/(-14)*1*2. Let n be 74/14 + 6/u. Suppose 4*x + 2*h - 6*h = 64, 3*h = n*x - 74. What is the units digit of x?
3
Suppose -5*o + 8 = -d, -5*d - 2*o - 2 - 11 = 0. Let m(n) be the third derivative of -n**5/60 - n**4/8 + n**3/6 - 19*n**2. What is the units digit of m(d)?
1
Let j be ((-21)/(-9) + 0)*-3. Let s(k) = -k + 3. What is the tens digit of s(j)?
1
Let k be 1/7 + 209/7. Let b be 38/14 + (-4)/(-14). Suppose -b*t = -k + 6. What is the units digit of t?
8
Suppose -i + 3*i + 48 = 0. Let t = i + 51. What is the tens digit of t?
2
Let p(v) = -v**3 - 3*v + 3. Let x be p(-3). Suppose 3*r - x = 24. What is the tens digit of r?
2
Suppose q - 6 = 16. What is the tens digit of q?
2
Let l(j) = 56*j + 4. What is the tens digit of l(2)?
1
Suppose 2*h + 2 = 4. Let d be -1 + h*(-2)/(-2). Suppose -18 = -2*y - d. What is the units digit of y?
9
Suppose 0 = 2*w - 5*w + 30. Let a be (-4)/(-6) - 26/(-6). Suppose 0 = 5*l + 5*q + w, -a*l + 10 + 4 = -q. What is the units digit of l?
2
Let c(m) = m**2 + 7*m + 7. Let g be c(-6). Suppose -5*y = g - 26. What is the units digit of y?
5
What is the units digit of 16822/247 - 2/19?
8
Let v(i) = 14*i**2. What is the tens digit of v(1)?
1
Let v(l) = l**3 + 7*l**2 - 12*l - 8. Let t be v(-8). Let h = t - 10. What is the units digit of h?
4
Suppose -5*p - 4*d = -159, 2*p + 2*d - 50 = -3*d. What is the tens digit of p?
3
Let h(k) be the third derivative of -k**6/120 + k**4/8 + k**3/2 + 2*k**2. Let r be h(-2). Suppose -r*m + 16 = -m. What is the units digit of m?
4
Suppose 250 = 5*y + 7*l - 3*l, -l = y - 50. Let j = y + -21. What is the units digit of j?
9
Let z = 22 - 38. What is the units digit of (-72)/z - 1/2?
4
Let b be 3/(-12) + 3/(-4). Let h(f) = -7*f. What is the units digit of h(b)?
7
Suppose 0 = t - 0*k + 3*k - 18, 0 = -k + 4. Let i = 11 - t. What is the units digit of i?
5
Let m = -23 + 49. What is the units digit of m?
6
Suppose -r = 1 + 3. Let y be (-4)/(r - (-4 - -1)). Suppose 4*d - 5*d = -y. What is the units digit of d?
4
Suppose 0 = 5*b - 4 + 14. Let d be 1 - (9/3 + -1). What is the units digit of d*(-19 - b/2)?
8
What is the units digit of (-20220)/(-110)